8
What is the highest common factor of 6523990 and 254?
254
What is the greatest common factor of 30 and 24042?
6
Calculate the greatest common divisor of 161 and 65688.
161
Calculate the greatest common divisor of 46 and 2714.
46
Calculate the highest common divisor of 1020693 and 12.
3
What is the greatest common factor of 34706 and 38850?
518
Calculate the highest common divisor of 165170 and 49750.
1990
What is the highest common divisor of 2494 and 29756?
86
Calculate the greatest common divisor of 13040365 and 1235.
1235
Calculate the highest common divisor of 3815 and 10255.
35
What is the highest common divisor of 2650824 and 72?
72
Calculate the greatest common factor of 127460 and 40.
20
What is the greatest common factor of 1443402 and 7208?
1802
Calculate the greatest common factor of 38 and 32300.
38
Calculate the highest common divisor of 53505 and 15921.
261
What is the highest common divisor of 72 and 2922984?
72
Calculate the highest common divisor of 51798 and 6402.
582
What is the highest common factor of 81 and 775773?
9
Calculate the highest common divisor of 6984 and 252.
36
What is the highest common factor of 75 and 39775?
25
What is the greatest common factor of 21 and 153237?
21
What is the highest common divisor of 73530 and 22629?
57
Calculate the highest common factor of 124 and 1395434.
62
What is the highest common divisor of 6948 and 588?
12
Calculate the highest common factor of 19312 and 69360.
272
What is the highest common factor of 388 and 1202218?
194
Calculate the highest common factor of 4878925 and 5.
5
What is the highest common divisor of 97383 and 66?
33
Calculate the highest common factor of 169 and 405431.
169
Calculate the highest common divisor of 23940 and 10836.
252
Calculate the highest common divisor of 728094 and 6.
6
Calculate the greatest common divisor of 1495 and 1840.
115
Calculate the greatest common divisor of 387471 and 189.
21
What is the greatest common divisor of 38576 and 80?
16
What is the highest common factor of 14 and 121499?
7
Calculate the greatest common factor of 8 and 36706.
2
What is the highest common divisor of 827671 and 117?
13
Calculate the greatest common factor of 867 and 18496.
289
Calculate the highest common divisor of 3317 and 14659.
107
Calculate the greatest common factor of 1939068 and 883.
883
Calculate the highest common factor of 331330 and 136.
34
Calculate the greatest common factor of 16286 and 255.
17
What is the highest common factor of 8266391 and 14?
7
What is the greatest common factor of 3108 and 271136?
148
What is the greatest common divisor of 128081 and 2435?
487
Calculate the highest common divisor of 4560 and 17840.
80
Calculate the highest common factor of 4845 and 37734.
57
Calculate the highest common divisor of 6352 and 132598.
794
Calculate the highest common divisor of 218 and 4.
2
What is the greatest common divisor of 10764 and 10212?
276
What is the highest common divisor of 3782281 and 23?
23
Calculate the highest common factor of 503 and 3474221.
503
What is the greatest common divisor of 66 and 3954?
6
Calculate the highest common factor of 395685 and 405.
405
Calculate the highest common divisor of 525393 and 4785.
957
What is the highest common divisor of 6665 and 40?
5
Calculate the greatest common divisor of 47 and 1363.
47
What is the greatest common factor of 698148 and 3444?
492
Calculate the highest common divisor of 2650 and 150.
50
Calculate the highest common factor of 153226 and 92.
46
Calculate the highest common factor of 646 and 8512.
38
What is the greatest common divisor of 13448 and 5576?
328
What is the greatest common factor of 1500386 and 68?
34
Calculate the greatest common factor of 16 and 119312.
16
Calculate the greatest common factor of 38 and 93271.
19
What is the highest common divisor of 4240 and 22512?
16
Calculate the highest common factor of 29020 and 340.
20
What is the greatest common factor of 294042 and 84?
42
What is the greatest common factor of 16499 and 546?
7
Calculate the highest common divisor of 440 and 810.
10
What is the greatest common divisor of 390 and 2624505?
195
Calculate the greatest common factor of 5495 and 665.
35
Calculate the highest common divisor of 98 and 343294.
98
Calculate the highest common divisor of 199908 and 6.
6
Calculate the greatest common divisor of 73134 and 612.
306
Calculate the greatest common factor of 583 and 1837.
11
Calculate the greatest common factor of 17150 and 5275.
25
Calculate the greatest common divisor of 30173 and 99.
11
What is the highest common divisor of 95628 and 208?
52
Calculate the greatest common divisor of 4104 and 28500.
228
Calculate the highest common factor of 287955 and 225.
45
What is the highest common divisor of 104566 and 23716?
1078
What is the greatest common divisor of 7846985 and 5?
5
What is the greatest common divisor of 1 and 1286797?
1
What is the highest common divisor of 70531 and 6275?
251
What is the highest common factor of 1755615 and 15?
15
Calculate the highest common divisor of 339 and 7119.
339
What is the greatest common factor of 370310 and 760?
190
What is the highest common divisor of 150892 and 6664?
476
What is the greatest common factor of 417672 and 18?
18
What is the greatest common divisor of 145897 and 2?
1
Calculate the greatest common factor of 7 and 27678.
7
Calculate the highest common divisor of 17458 and 464.
58
What is the highest common divisor of 304 and 17214?
38
Calculate the highest common divisor of 7434 and 2331.
63
What is the highest common divisor of 69 and 269583?
69
What is the greatest common factor of 1600 and 8850?
50
What is the highest common divisor of 155 and 279?
31
What is the greatest common divisor of 3024 and 4844?
28
Calculate the highest common divisor of 1501 and 32.
1
What is the greatest common factor of 7776 and 68256?
864
Calculate the greatest common factor of 224 and 469.
7
Calculate the greatest common factor of 36 and 5910360.
12
What is the highest common divisor of 698620 and 520?
260
What is the greatest common divisor of 152595 and 6?
3
Calculate the greatest common factor of 55845 and 2601.
153
What is the greatest common divisor of 30 and 60546?
6
What is the highest common factor of 6 and 1440786?
6
Calculate the greatest common factor of 195538 and 266.
14
Calculate the highest common divisor of 82075 and 49.
49
Calculate the greatest common factor of 23 and 47587.
23
Calculate the greatest common factor of 586704 and 48.
48
Calculate the highest common factor of 319787 and 663.
221
What is the highest common factor of 171 and 1407501?
171
What is the greatest common factor of 1136353 and 1826?
83
Calculate the greatest common divisor of 930810 and 4615.
355
Calculate the greatest common divisor of 3472 and 11984.
112
What is the greatest common divisor of 27 and 7101?
27
Calculate the highest common divisor of 1701 and 273.
21
What is the greatest common divisor of 29459 and 2317?
331
What is the greatest common factor of 3434 and 606?
202
Calculate the highest common divisor of 1314258 and 66.
66
Calculate the highest common divisor of 12082 and 98.
14
What is the highest common factor of 417 and 1807?
139
Calculate the greatest common divisor of 22736 and 11984.
112
Calculate the greatest common divisor of 18 and 273228.
6
Calculate the highest common divisor of 3250 and 7358.
26
Calculate the highest common factor of 1793 and 5401.
11
Calculate the highest common factor of 17591 and 20463.
359
What is the greatest common divisor of 1840 and 53880?
40
What is the highest common factor of 4290 and 71110?
130
What is the highest common factor of 64410 and 20?
10
What is the greatest common factor of 40369 and 7154?
511
Calculate the highest common factor of 11209 and 77.
11
What is the greatest common factor of 167 and 9?
1
What is the greatest common factor of 1111 and 717807?
101
Calculate the highest common divisor of 6424 and 99.
11
Calculate the highest common factor of 41250 and 41910.
330
Calculate the greatest common factor of 22752 and 6822.
18
What is the greatest common divisor of 17662062 and 1177?
1177
What is the highest common factor of 190 and 41765?
5
What is the highest common divisor of 1233 and 19865?
137
Calculate 